= 4*v, -4 = -q + v. Suppose -7*o = 4*c - q*o - 16, 3*o + 12 = 3*c. Let a = -1798 - -1813. Calculate the remainder when a is divided by c.
3
Let g be 8/(-1*(-2)/(-4)). Let s = 66 + g. What is the remainder when s is divided by 270/(-25)*(-2)/((-6)/(-5)) - -2?
10
Let d(z) = z**3 - 9*z**2 + 5*z. Let m(l) = -l**2 + 6*l - 6. Let o be m(4). Suppose 4*p - 18 = o*p. Calculate the remainder when 133 is divided by d(p).
43
Let f = -97 - -7. Let j = 99 + f. Suppose 0 = 2*k + 5*r - 103, -2*k - 146 = -5*k + r. What is the remainder when k is divided by j?
4
Calculate the remainder when 185 is divided by ((-3777)/(-11))/3 + 1284/2354.
70
Let a(b) = -38*b + 38. Calculate the remainder when a(-3) is divided by 33/(-6)*(-4 + 0).
20
Suppose -5*z + 2*d = -80, -19*d = -20*d + 5. Suppose -12*v = -z*v + 426. Calculate the remainder when v is divided by 12.
11
Suppose -2*r = -3*c - 330, -4*c + 253 = 221. What is the remainder when r is divided by 36?
33
Suppose -3*k - 29 = -2*l - 8*k, 4*l + k = 13. Suppose 4*r + 5*g - 33 = l*r, -5*r + 97 = -2*g. What is the remainder when 87 is divided by r?
11
Let q be 40/(-4 + 9) - 1546. What is the remainder when q/(-8) + (-20)/80 is divided by 18?
12
Let m(z) = z**3 - 1837*z + 2 + 2*z**2 + 0*z**3 + 6*z**2 + 1843*z - 3. Let x = 13 - 19. What is the remainder when m(x) is divided by 6?
5
Let t(m) = -29*m + 104. Let z be t(4). Calculate the remainder when (-1026)/(-13) - z/(-6 + 162) is divided by 40.
39
What is the remainder when (142/(-5))/(1/(-5)) is divided by -5 + (2 + (-20)/3)/(67/(-201))?
7
Let u = 37885 + -37853. Calculate the remainder when 1080 is divided by u.
24
Suppose -529 = -5*s - x, -4*s - 3*x + 4*x = -416. Let g = s - -100. Calculate the remainder when g is divided by 8.
5
Suppose -m = -1, -5*p - 4*m + 6 = -18. Suppose -202 = p*y + 42. Let b = y + 77. Calculate the remainder when 61 is divided by b.
13
Let x(h) = 1740*h - 5738. Calculate the remainder when x(5) is divided by 12.
10
Let y = -7423 + 10597. Calculate the remainder when y is divided by 245.
234
Let y = 4214 + -4126. What is the remainder when y is divided by 18?
16
Let r(f) = f**2 - 11*f + 9. Let i be r(14). Suppose -i*x = -47*x - 116. What is the remainder when 134 is divided by x?
18
Suppose -89*f + 3 = -88*f. Suppose f*p + 5*s = 7*p - 74, -s = 2*p - 30. What is the remainder when 479 is divided by p?
15
Suppose 4*b = -5*y + 355, 149 - 416 = -3*b - 4*y. What is the remainder when 253 is divided by b?
83
Let r = -3282 - -3382. Calculate the remainder when 449 is divided by r.
49
Let w(v) = 99*v**3 + v**2 - 2*v + 1. Let y be w(1). Suppose y = 4*c - 57. Let u = -40060 - -40080. Calculate the remainder when c is divided by u.
19
Suppose -4*t - 6*h + 3168 = -h, 0 = 2*t + 2*h - 1586. Suppose 12*p = 2813 - t. What is the remainder when p is divided by 34?
32
Let g = -33 - -49. Let t(k) = 3*k**2 + 4*k - 6. Let y be t(-3). Let m = g - y. What is the remainder when m is divided by 2?
1
Let u be (-29)/(-6) - 2/(-12). Suppose u*w - 9*w = -2*r + 92, w + 156 = 4*r. Calculate the remainder when 141 is divided by r.
27
Suppose 34*j + 43*j - 740047 = 0. Calculate the remainder when j is divided by 108.
107
Let x(b) = b**3 - 3*b**2 - 45*b + 78. What is the remainder when 489 is divided by x(8)?
33
Let m(f) = 6*f + 38*f**2 + 3 + f - 3*f - 36*f**2. Calculate the remainder when m(-5) is divided by 18 + ((-2)/3)/(-2)*-3.
16
Suppose -137 + 37 = -5*l. Let r(o) = o**2 - 2*o + 5. Let x be r(0). Suppose x*k - 19 = -y, -y + 2*k + 3 + 2 = 0. What is the remainder when l is divided by y?
2
Suppose -33097 = 13*w - 32*w + 9254. What is the remainder when w is divided by 27?
15
Let g = 50 - 51. Suppose -5*h = -5*y + 230, 4*y - y + 4*h - 145 = 0. Calculate the remainder when y is divided by 17 + (9 - 4)*g.
11
Let x = 246 - 242. Suppose d = -x*c + 107, c = -4*d + 3*c + 518. Calculate the remainder when d is divided by 43.
41
Suppose -3*q - 4*x + 65420 = 0, 90 = 3*x + 102. Calculate the remainder when q is divided by 13.
11
Let w = -52 - -176. Suppose -4*a - 183 = -5*s + 28, -w = -3*s + 5*a. What is the remainder when s is divided by 7?
1
Suppose -2*c + 9*c = 805. Let s = -114 + c. What is the remainder when 4 is divided by s?
0
Let w = 562 + -849. Let j = w + 314. Calculate the remainder when 92 is divided by j.
11
Suppose 0*j + 3*j = -81. Let q = 11 - 7. Calculate the remainder when 61 is divided by ((-18)/j)/(q/126).
19
Let q(x) = 27*x - 11. Let s = -1364 + 1428. What is the remainder when q(5) is divided by s?
60
Let s(z) = z - 18. Let o be s(16). Calculate the remainder when o - 5*(-55 + 2) is divided by 24.
23
Let h(w) = -w - 1. Let v be h(2). Calculate the remainder when -1 - v/(-3) - -3 is divided by (5 - (7 + 1))*2/(-6).
0
Suppose 6*y = 3*y - 4*w + 7, -2*y - w = -8. Suppose -y*n = -50 + 15. Calculate the remainder when 14 is divided by n.
0
Let f = 920 + -737. What is the remainder when f is divided by 39?
27
Suppose -5245 = 3*k - 4*k - 5003. Calculate the remainder when k is divided by 137.
105
Let o = -260 - -264. Suppose -1 = -24*m + 23*m - 5*g, 28 = o*m - 4*g. What is the remainder when 36 is divided by m?
0
Let q(j) = 2*j**3 + 35*j**2 + 12*j + 53. What is the remainder when 368 is divided by q(-17)?
92
Let y(c) = 4*c**3 + 72*c**2 + 38*c - 39. Calculate the remainder when y(-17) is divided by 123.
102
Let m be 265 - 3/(-1) - 1. Suppose 4*t - m = 13. Suppose -5*k + 186 = 2*u, 4*k - 3*u = 6*k - t. Calculate the remainder when 149 is divided by k.
35
Let x(k) = -k**2 + 382*k + 115. Calculate the remainder when 3902 is divided by x(0).
107
Let h(y) = 8*y + 5. Let k be h(-5). What is the remainder when (3 - 7)/(-2) - k is divided by (-3 - (12 - 16)) + (-20)/(-2)?
4
Let f = -6098 + 8365. Calculate the remainder when f is divided by 283.
3
Suppose -5*q = 3*p - 19, 3*q - 14 = 2*q - 4*p. Let f = 30 + q. What is the remainder when 127 is divided by f?
31
Let g(d) = d**3 - 18*d**2 - 6*d + 24. Let o be g(12). Let i be (2 - -2)/20 + o/(-15). Let f = i + -48. What is the remainder when 24 is divided by f?
11
Suppose -43*l = -48*l + 655. Let a = -53 - -57. Suppose -2*h - 68 = -4*g, -a*g - h + 5*h = -60. Calculate the remainder when l is divided by g.
17
Let m = -14473 + 14591. Calculate the remainder when 861 is divided by m.
35
Let c(b) = -5*b**2 - 6*b - 22. Let l(r) = -7*r**2 - 7*r - 23. Let k(m) = 6*c(m) - 5*l(m). Calculate the remainder when 1002 is divided by k(-4).
64
Let v(x) = 41*x + 2867. What is the remainder when v(-62) is divided by 113?
99
Let u(m) = -9*m - 129 + 47 - 11*m - 13*m. Calculate the remainder when u(-5) is divided by 29.
25
Let t(c) = -497*c - 1919. What is the remainder when 218 is divided by t(-4)?
11
Suppose 537*b - 913 = -v + 535*b, 2*v - 4*b = 1866. What is the remainder when v is divided by 66?
65
Let s = 3911 + -3882. What is the remainder when 693 is divided by s?
26
Suppose -2036*v = -2065*v + 84303. What is the remainder when v is divided by 73?
60
Let u = 164 + -109. Suppose u*j = 61*j - 360. What is the remainder when 477 is divided by j?
57
Let x(k) = k**3 + 4*k**2 - 76*k - 147. Calculate the remainder when 62 is divided by x(-10).
10
Let m = -18484 - -20010. What is the remainder when m is divided by 107?
28
Let v = -17785 + 18029. What is the remainder when 518 is divided by v?
30
Let l = 2 + 0. Let t = -512 + 517. Suppose l*k - 56 = -c, 201 = t*c + k - 124. What is the remainder when c is divided by 17?
15
Let w(v) = 5*v**3 - 4*v**2 - 3*v - 27. Let u(f) = -f**3 + f**2 + f + 7. Let r(i) = 9*u(i) + 2*w(i). What is the remainder when r(5) is divided by 7?
6
Let y(n) = -2*n**2 - 23*n + 17. Let b be y(-11). Let c = b - -114. Let l = c + -129. Calculate the remainder when 48 is divided by l.
9
Let i(m) = -2*m - 18. Let w be i(-15). Suppose -w*a - 249 = -897. Calculate the remainder when 107 is divided by a.
53
What is the remainder when (-15 + 497/35)/(1 + 816/(-815)) is divided by 47?
41
Let c = -5005 + 5056. What is the remainder when 1235 is divided by c?
11
Let y = -8025 - -8057. What is the remainder when 9279 is divided by y?
31
Suppose 2886 = -24*j + 11*j. Let g = j + 224. What is the remainder when 14 is divided by g?
0
Suppose 30*x = 31*x - 208. Suppose 0 = -5*g - 2*f + 41 + 302, f + x = 3*g. Calculate the remainder when g is divided by (-